 b = -172 - -295. What is the tens digit of b?
2
Let x be 308/33*(-3)/(-2). What is the tens digit of -3*4/6 + x?
1
Let j(c) = c**3 + 8*c**2 - 5. Let n be j(-8). Let d be (-2 + -2)/((-2)/4). Let s = n + d. What is the units digit of s?
3
Let m = 57 - 89. Let b = m + 20. Let g = -8 - b. What is the units digit of g?
4
Suppose -p - 4*j + 68 = 0, -4*j - 284 = -4*p - 92. What is the tens digit of p?
5
Let j(y) = -3*y + 0 + 12 + 4*y + 1. What is the units digit of j(-7)?
6
Let p = 15 + -24. Let f be (30/9)/((-4)/(-18)). Let o = p + f. What is the units digit of o?
6
Let l be 6/4 + (-540)/(-24). Suppose 3*w + l = i, w + 4 = i + 2*w. What is the units digit of i?
9
Let n(s) = s**3 - 2*s**2 - 3*s. Let i be n(3). Suppose 0 = -a - 3*o + 10, a + 0*a + 4*o - 8 = i. What is the units digit of a?
6
Let s(b) = 3*b**2 + 5*b - 5. Let o be 3/(-6)*-2 - -2. What is the units digit of s(o)?
7
Let c(i) = -8*i**3 + 2*i**2 + 3*i + 2. What is the units digit of c(-2)?
8
Let t = -1 - -15. What is the units digit of t?
4
Let k(a) = 2*a - 6. Let f be k(9). Suppose -s = -3*c - 45, 2*c + f = -c. What is the units digit of s?
3
Let d(z) = z**2 + 2*z - 7. What is the tens digit of d(9)?
9
Let a = 16 + -8. Suppose a = n - 5. What is the tens digit of n?
1
Suppose 0 = 2*p - 29 + 3. Suppose 0 = y + 4 - p. What is the units digit of y?
9
What is the units digit of (-4)/2 + 1 - -21?
0
Let w = -7 + 12. Suppose v + 151 = 5*v + 5*o, 107 = 3*v + w*o. What is the tens digit of v?
4
What is the units digit of 84/(-8) + 9 - (-622)/4?
4
Suppose -3*j - 60 = 3*w, -3*j + w = 37 + 23. What is the units digit of (1 - -2)/((-3)/j)?
0
Let j be (0 - -3)*(4 - 3). Suppose -j*r - 10 + 37 = 0. What is the units digit of r?
9
Suppose 0*g = -5*g + 125. What is the tens digit of g?
2
Suppose -3*v + 11 = -4. Suppose 60 = 7*h - v*h. What is the units digit of h?
0
Let r = -2 + 2. Let k be 0 + (r - 2) - -2. Suppose k = 3*a - 0 - 21. What is the units digit of a?
7
Let u(d) = 23*d + 7. Let c be u(5). Suppose -154 = -5*y - 2*z, 2*y + 2*y + z = c. What is the units digit of y?
0
Suppose 245 = 5*x - 0*x. What is the tens digit of x?
4
Suppose 9*d - 30 = 4*d. Let o = d - 4. Suppose -2*m - 14 = -o*a, 4*a + 3*m - 10 = -2*m. What is the units digit of a?
5
Suppose 0 = 5*m + 35 - 0. Let o be 2 + -4 - (1 + m). Suppose w + 3 = o*w. What is the units digit of w?
1
Suppose 0 = 6*d - 2*d - 60. Suppose -f + d - 5 = 0. What is the tens digit of f?
1
Suppose i + 3*a = -a + 3, -6 = -2*i - 5*a. What is the units digit of i?
3
Suppose 0 = 2*r - 4*f - 612, -21*r + 627 = -19*r - f. What is the units digit of r?
6
Let f(b) = -2*b + 3*b**2 - 5 - 2*b - 2*b**2. Let m be f(5). Suppose -14 = -m*z - 2*z. What is the units digit of z?
7
Let h = 7 - -44. What is the units digit of h?
1
Suppose j - 41 = 100. What is the hundreds digit of j?
1
Suppose -28 = -2*r - 20. Suppose r*n = n + 24. What is the units digit of n?
8
Suppose -4*p + 275 = f, -5*f + p = -f - 1100. What is the hundreds digit of f?
2
Let q = 2 + -1. Let b(i) be the second derivative of i**3/6 + i**2/2 + i. What is the units digit of b(q)?
2
Let s(v) = v**2 + 14*v + 43. What is the tens digit of s(-12)?
1
Suppose -5*c - 4*c = -1179. What is the tens digit of c?
3
Suppose 0 = -5*v + 2*v + 15. Suppose 6*f - 20 = f. Let t = v - f. What is the units digit of t?
1
Let f(n) = 29*n**3 + 2*n**2 - 2*n + 1. What is the tens digit of f(1)?
3
Suppose 0 = 5*n - 4*u - 165, -4*n = n + 3*u - 130. Suppose 3*p = -p + 12. Suppose -4*t = 3*o - n, -p*t + 25 = -0*t - o. What is the units digit of t?
8
Suppose 0 = -4*x - 2*r + 150, 35 = x + 4*r - 13. What is the units digit of x?
6
Suppose -2*m + 4*h + 356 = 2*h, 5*h = -2*m + 384. What is the tens digit of m?
8
Let l = -18 + 14. Let q = 11 - l. What is the tens digit of q?
1
Let h be 333/7 + (-27)/(-63). Suppose 3*m = 4*m - h. What is the units digit of m?
8
Let s = -26 - -24. What is the tens digit of s/(-2)*(30 + 1)?
3
What is the units digit of (1 + 28/16)*(4 - 0)?
1
Let n(r) be the first derivative of -r**2 + 2*r + 5. What is the units digit of n(-6)?
4
Suppose -4*o = l + 1, 0 = 3*l - 0*l - 2*o + 3. What is the units digit of (14/6)/(l/(-3))?
7
Let p(y) = -y**2 - 12*y - 6. Let m be p(-12). Let l(i) = 2*i**2 + 5*i - 10. What is the units digit of l(m)?
2
Let a(q) = -5*q**2 + 8*q + 6 + 2*q**2 - 8*q**2 + 6*q**2 - q**3. What is the tens digit of a(-7)?
4
Suppose -5*g - 8 + 108 = 0. Let v(f) = f - 19. Let o be v(8). Let j = g + o. What is the units digit of j?
9
What is the tens digit of 4/18 + 1284/54?
2
Suppose i = 6*i - 285. What is the tens digit of i?
5
Suppose c - 4 = -1. Let w be 2*(-2)/(-3)*3. Suppose -r - k = -5, -c*r + w*r = -2*k + 3. What is the units digit of r?
7
What is the tens digit of (-1)/(-2) - ((-2926)/(-4))/(-7)?
0
Suppose -20 = -5*x + 5*f + 15, -x - 2 = -4*f. Suppose x = 3*m - m. Suppose -t + m = 4*t. What is the units digit of t?
1
What is the tens digit of -1 - ((-28)/(-6))/((-22)/363)?
7
What is the units digit of (5 - 3)/((-2)/(-56))?
6
Let h = -17 - -21. What is the tens digit of (6/h)/(1/30)?
4
Let b = 9 - 6. Let u = 1 + b. What is the units digit of u?
4
Let f(t) = 20*t**2 + 14*t + 18. Let z(s) = 6 - s + 7*s**2 + 2*s + 4*s. Let h(k) = 6*f(k) - 17*z(k). What is the units digit of h(0)?
6
Let r be (-4)/3*48/(-32). Suppose 4*w + 1 = 3*w. Let i = r - w. What is the units digit of i?
3
Suppose -2*h = -2*j + h, j = h. Suppose -4*t + j*t = -24. What is the units digit of (-3)/(-2)*4/t?
1
Let t be 608/12 + 2/(-3). Suppose 0 = -4*a + t - 2. Suppose -k + 0*k + a = 0. What is the tens digit of k?
1
Let d = -5 - -9. Suppose v + 177 = 4*v - d*s, 118 = 2*v - 3*s. Suppose 3*c = -5*g + v, 0 = c + c - 6. What is the units digit of g?
0
Let l(q) = -q**2 + 4*q - 2. Let f be 9*((-4)/6)/(-2). What is the units digit of l(f)?
1
Let i(a) = 77*a**3 - a**2 + 1. Let c be i(1). Let v = -37 + c. What is the units digit of v?
0
What is the tens digit of (76 + -6)/(-1 - -2)?
7
Let a be (-2 - 1)*(1 + -2). Suppose 2*q = -a*q. Suppose -2*w - 2 + 40 = q. What is the units digit of w?
9
Suppose 3*z - 95 = 4*d, -5*d = 5*z - 134 - 1. What is the units digit of z?
9
Let b be (-3)/3 + 3 - 0. Let s(z) = 2*z**2 + 1 + 3*z + 3*z**b - 2*z**2. What is the units digit of s(-2)?
7
Let h(f) = -f**3 + f**2 - f + 18. What is the units digit of h(0)?
8
Let j = -9 - -5. Let i(k) = -k**2 - 4*k + 2. Let n be i(j). Suppose -2 = -3*r + n*r. What is the units digit of r?
2
Let q be (54/(-15))/(2/10). What is the tens digit of ((-15)/(-9))/((-1)/q)?
3
Let s be (-4)/(-8) - 6/(-4). Let p = s + 19. What is the tens digit of p?
2
Let q(k) = -k. Let b be q(3). Let m be (0 - -1) + -1 + 2. Let j = m - b. What is the units digit of j?
5
Let z be (-37)/(-7) - 10/35. Let o be 2/z - (-28)/5. Let p = o + -4. What is the units digit of p?
2
Suppose -2*y - 5*f + 3 + 12 = 0, 4*y - 5*f = 15. Let s(n) = 0*n + n - y + n. What is the units digit of s(7)?
9
Let x = 90 + 49. What is the hundreds digit of x?
1
Let g(t) = t**3 - 3*t**2 + 5*t - 5. Suppose -10 - 8 = -6*c. What is the tens digit of g(c)?
1
Let y(c) = 5*c + 1. What is the units digit of y(1)?
6
Let y = -6 + 3. Let h(p) = p + 6. Let w be h(y). Suppose k - 4 = -3*v, 5*k + w*v - 2 - 6 = 0. What is the units digit of k?
1
What is the tens digit of ((-62)/4)/((-10)/20)?
3
Let a be (6/(-5))/((-9)/30). What is the units digit of (2/4)/(a/56)?
7
Let g be 0/(-3 + 2) + 10. Let a(o) = o**3 - 10*o**2 + 2*o - 7. What is the units digit of a(g)?
3
Let q(u) = -u - 4. Let j be q(3). Let c(x) = x + 9. Let t be c(j). Suppose -t*h + 0*h + 14 = 0. What is the units digit of h?
7
Suppose 0 = d - 5*h + 26, 4*d + 0*d = -3*h + 11. What is the units digit of (-15)/(-2) + d/(-2)?
8
Suppose -8 = g + h, -7*g - 41 = -2*g + 4*h. Let j be (2/(-3))/(6/g). Let y = 11 - j. What is the tens digit of y?
1
Suppose -n = n. Suppose p + 4 + n = 0. Let q = -3 - p. What is the units digit of q?
1
Suppose 2*i + 3*i = 380. Let x = -44 + i. What is the units digit of x?
2
Suppose 0 = 3*n + 2*n + 2*z - 52, n + 4 = -4*z. Suppose n = f - 6. What is the units digit of f?
8
Let g(b) = -2*b. Let z be g(2). Let y = 22 + z. What is the units digit of y?
8
Suppose -2*s + 129 = s. What is the units digit of s?
3
Suppose -4*f = -86 - 14. What is the units digit of f?
5
Let d = 94 - 6